 + 0?
-31
What is the value of 13 + (1 + -2 - -2 - 4)?
10
Evaluate 24 + -41 - (9 + -1 + -9).
-16
Evaluate (9 - 10) + 0 + -16.
-17
Evaluate -2 + 9 - ((-6 - -15) + 23 - 11).
-14
Calculate (4 - (-15 - -24)) + 3.
-2
What is -6 - ((-20 - ((20 - 8) + -10)) + 8)?
8
What is the value of -7 + (28 - 38 - (-4 + 3))?
-16
What is -11 - (17 + (33 - 84))?
23
Evaluate 10 - (-1 + 0 + 45 + -42).
8
11 - (4 + -17) - 15 - 12
-3
What is the value of 37 + -10 + 25 + -40?
12
Calculate -54 - (11 + 8) - -37.
-36
Evaluate (3 + -11 - (1 + -7)) + 3.
1
What is 10 + -28 + 16 + -20 + -4 + 3?
-23
Evaluate 2 - (24 - 5) - -8 - -17.
8
What is the value of (3 - 5) + -84 + 74?
-12
Evaluate 6 - 6 - (1 - (5 + 28) - 5).
37
Evaluate (-11 - -5 - 9 - -12) + 23.
20
Calculate 2 - 24 - (-1 - 1) - (-45 + 44).
-19
Evaluate 12 + ((-15 - -18) + (-4 - -3) - 2).
12
Calculate (12 - 23) + (-1 - -5).
-7
-20 + 25 + -26 + 1
-20
Evaluate -7 + -4 - -6 - (3 + -14).
6
-7 - (22 + (-4 - 7))
-18
What is the value of (-2 + 3 + -5 - -5) + -6 - -5?
0
(-1 - (10 - (3 - 0))) + (-146 - -148)
-6
Evaluate (26 - 6) + 1 - 7 - 3.
11
What is -8 + -14 + 17 + -12?
-17
-4 + 3 + 1 + 0 + (-81 - -92)
11
What is the value of 1 + -39 - (-1032 - -1011)?
-17
Evaluate (24 - 1 - (5 + -2)) + 60 + -64.
16
Calculate (45 - 55) + (27 - 1) - (-7 - -7).
16
What is the value of 0 - 2 - (-103 + 93)?
8
Evaluate 24 - 21 - ((26 - -1) + -49 + 43).
-18
What is the value of 4 + (86 - 95 - (-2 + -12))?
9
What is 6 - (-47 - -50 - (-2 + -5))?
-4
Calculate -17 + -9 + 9 + 1 + (0 - -1).
-15
What is 60 + -41 + 0 + -21?
-2
What is -5 + -19 + 19 - (11 + -3)?
-13
-4 - 3 - ((2 - 5) + 6 - -2)
-12
What is 34 + (29 - 23) + -33?
7
Calculate (6 - 2) + 3 + -6 + 1 + 2.
4
What is (-20 + (8 - -3) + 26 - 1) + -8?
8
-10 + (7 - 1) + (8 - 2) + 2
4
Calculate (-7 + 1 - -1) + 4 + -17 + 5.
-13
14 + 0 + -1 + (4 - -1) + -9
9
What is -2 + -13 - (19 - 12 - (4 - -1))?
-17
What is 38 + -25 + (1 - (-2 - -3))?
13
Evaluate 3 - (5 + -2 + 1 + -2 + -2).
3
Evaluate 7 - ((16 - -11) + (-12 - -8)).
-16
What is (10 - (-4 + (9 - -6))) + (-3 - 9)?
-13
What is the value of (-3 - (5 + -9)) + 2 + -10 + 1?
-6
131 + -131 + (1 - 2) + 6 - 4
1
Calculate -6 - (-13 - (-18 + 14)).
3
What is -15 + -24 + 0 + 60?
21
Evaluate -7 - -4 - (11 - (2 - -13) - -10).
-9
18 - ((-12 - -7) + 12 - -2)
9
Evaluate 943 + -906 - (0 - -23).
14
-2 + 8 - 7 - (-21 - -6)
14
What is 16 - -1 - (-79 + 2 + 105)?
-11
Calculate 0 + (-42 - -49 - (1 + (1 - 0))).
5
What is 2 - 10 - (-6 + -7 - (4 - 3))?
6
Evaluate (0 - (0 + -7)) + -19.
-12
Evaluate 2894 - 2940 - (1 - 17).
-30
Calculate (-12 - -8) + 0 + 8 - (1 + -2).
5
(-122 - -66) + 63 - (38 - -2)
-33
Evaluate 3 + 0 + -57 + 60.
6
What is (5 - -7) + -15 - 13?
-16
What is -8 + (0 - -14) + 7?
13
What is the value of (-3 - -12) + (9 - 19) + 6?
5
What is 3 - -5 - -17 - (-12 + 25)?
12
What is the value of 11 - (24 + -7) - (2 + 7 + -4)?
-11
17 + 1 - (-11 - (-1 + -17))
11
Calculate -37 + -2 + 571 + -540.
-8
Calculate 21 - (10 + 16 + -26).
21
What is the value of 14 - (2 - (2 - 3)) - (4 + -3)?
10
-1 - (-10 - (4 - 6) - -4)
3
What is (-10 - (-14 + 0)) + -1 - (12 + 2)?
-11
Evaluate -5 + (9 - (-13 - (-3 + -3))).
11
What is -31 + -23 + 21 + 24?
-9
Evaluate 5 + 6 + -4 - (24 + 0 + -4).
-13
What is the value of 25 - -1 - (-95 - -114)?
7
Calculate 7 + 3 + 1 + (6 - -5).
22
7 + -2 - (4 + -2) - (277 + -283)
9
What is (1 - (9 + -4)) + (-5 + 17 - 8)?
0
Calculate -9 - (8 + (16 - 28)).
-5
What is -2 - (40 - (-13 - -19)) - -12?
-24
What is 11 - (5 - (-23 + 24)) - (15 - 1)?
-7
What is the value of (-3658 - -3701) + -1 + -23?
19
Evaluate (3 - 1) + (4 + (-2 - -6) - 2).
8
13 + -1 + (-14 - 4)
-6
What is 31 + (-25 - -34 - 29)?
11
Evaluate 1 - -23 - (-9 - ((-12 - 23) + 15)).
13
What is -24 + (-8 - (5 + -3 + -20))?
-14
What is -317 + 327 - (1 + 2)?
7
Evaluate (7 - (18 - 1)) + (34 - 42).
-18
What is 6 + (-12 - (8 + 0)) + 4?
-10
Evaluate -3 + 0 + (-2 - -5 - 1 - -17).
16
What is the value of 1 + 9 + -60 + 44 + 19?
13
Evaluate 1 - (4 + (0 - -6 - (17 - 2))).
6
What is the value of 31 - (10 - (1 - (8 + -10) - 0))?
24
Calculate (48 + -48 - (-5 + 5 + -6)) + -6.
0
Calculate (-15 + 3 - 1) + 12 + (-10 - -6).
-5
What is (8 - (-2 - -2)) + (-147 - -140)?
1
1 + (-12 + 14 - -2)
5
What is the value of 7 + -15 + -2 + -11?
-21
What is 8 - ((-3 + 6 - -4) + -2) - -1?
4
What is -3 + (-18 - (-10 - 40) - -4)?
33
Calculate -7 + 28 - 7 - (1 + -2 + 7).
8
Calculate 6 - 3 - (-5 - ((-15 - -8) + 8)).
9
Calculate 4 + 1 + (32 - 33) + 0.
4
Evaluate -6 + 0 + -2 + 13 + (-100 - -103).
8
Calculate (1 - 20) + (41 - 51).
-29
Calculate -3 - (-13 + (-8 - -24)) - 8.
-14
Evaluate -14 + (-10 - -29) + -9 + 2.
-2
What is (-11 + 6 - -2) + 9?
6
-10 + -5 + (14 - (4 - 0))
-5
Evaluate -23 + 22 - (-3 + -22 + 2).
22
Evaluate (-8 + 18 - ((6 - 4) + 6)) + 24.
26
What is -15 + 7 - -42 - -1?
35
Calculate 406 + -411 + (3 + 0 - (11 + -5)).
-8
Calculate -13 + -9 + 17 - 4 - -9.
0
Evaluate (-4 - (5 - 11)) + (0 - (-11 + 7)).
6
Calculate -6 + (9 + -6 - (4 - -2)).
-9
What is the value of -32 + 33 - ((-4 - 4) + 4 - -15)?
-10
What is the value of 34 - 20 - (51 + 1) - (0 - 0)?
-38
Calculate 36 + -20 - 41 - -13.
-12
-10 + 23 + (-18 - -7)
2
What is 7 + (-4 - (20 - -4))?
-21
What is the value of 4 + (-8 - 2) + -4 + -11 + 12?
-9
What is (-1 - 4 - -47) + (15 + -32 - -8)?
33
-12 - (-3 + (-20 - 18))
29
What is -13 + 18 + -13 + 9?
1
Evaluate 4 - (-35 + -1 - -46).
-6
Evaluate -7 + -3 - -9 - -2.
1
Evaluate -8 + 16 + -5 + -10.
-7
Evaluate 17 - (-6 - (1 - 6) - -7).
11
Calculate (43 - 9) + -74 + 51.
11
What is the value of (0 - -3) + -8 + 37 + -21?
11
What is (4 - (-7 - -5)) + -5 - (-6 - -10)?
-3
Calculate 31 + -91 + 40 - (-5 + 1).
-16
(-22 - (-74 - -41)) + -28
-17
Evaluate (22 - 2) + 3 - (443 + -430).
10
What is 16 + -6 + (-23 - -7)?
-6
What is the value of 88 - (212 + -102) - (10 - (0 + 0))?
-32
Calculate -10 + (16 - -12) + -34.
-16
What is 4 - ((0 - -5) + (18 - 36) - -7)?
10
Calculate (12 - (-2 - -17)) + 11 - (2 - 9).
15
What is 1 + 2 + (-11 - (6 + -15))?
1
Evaluate 4 + 9 + -9 + -2 + -2 - -11.
11
4 + -17 - -22 - ((-6 - -1) + 3)
11
What is the value of (-2 - -5 - -4) + (-343 - -352)?
16
Evaluate -37 - (16 - 38 - -4).
-19
What is -13 + (-10 - (-7 - 19))?
3
-3 + -11 - -35 - 28
-7
Evaluate (-27 - -23) + (-11 - -12).
-3
-117 + 150 + (-3 - 17)
13
30 + (-10 - -12 - (8 + 6))
18
What is (41 + -10 - -4) + -21?
14
Calculate -14 - (2 - (-8 + 9) - 7).
-8
Calculate 4 - 2 - 2 - 1 - (3645 - 3638).
-8
What is 0 - ((-16 - (1 - 0)) + -7 + 10)?
14
What is (7 - (0 + 4)) + -8 + 15?
10
Evaluate 22 + 37 + -16 + -39.
4
Calculate -40 + 27 - (7 - 7).
-13
What is the value of 4 + -1 + 2 + 16 + -77 + 58?
2
What is the value of 10 + (28 - 28) + 0 + 5?
15
What is the value of 56 + -62 + 2 + 6?
2
Evaluate (-2 - 5) + 3 + 35 + 0 + -3.
28
Evaluate (1 - 4) + 117 + -118 - 9.
-13
Calculate -4 + -20 - (-24 - -12) - (-7 + 4).
-9
Evaluate 32 - (17 + (-35 - -21)).
29
What is the value of (-2 - -28 - 32) + (5 - -8)?
7
What is the value of -18 - ((-17 - 0) + (13 - -24))?
-38
2 + 2 - ((2 - -6) + (-16 - -15))
-3
Evaluate (15 - 4 - (4 + -2)) + -2.
7
37 + -47 - (-10 - 3)
3
What is -8 + -1 + (-16 - (-4 + -1))?
-20
0 + -12 - ((8 - 38) + 34)
-16
Evaluate 84 + -82 + 13 - ((-1 - 4) + -1).
21
Calculate -5 - -21 - (20 + -6).
2
Calculate 41 - 44 - (-3 - 0 - -9) - 8.
-17
What is the value of (-3 - (5 + (-6 - (-6 + -1)))) + -2?
-11
Evaluate (-9 - ((-61 - -61) + 1 + -1)) + 39.
30
Calculate -17 + -5 + 1 + 296 + -292.
-17
Calculate 1 - -16 - (-169 + 173).
13
What is -1 + (0 + (9 - 11) - 26)?
-29
-31 + (-8 + 28 - 4)
-15
What is 3 + -26 + 5 - -7?
-11
Calculate -1669 + 1647 - (-39 - -1).
16
What is the value of -1 + -15 - (74 + -92)?
2
What is the value of (-8 - (-6 - -7)) + -2 + -5 + 0?
-16
Evaluate -7 - ((-15 - 1) + (14 - -22)).
-27
What is (-118 - -118) + (-14 - -1)?
-13
What is the value of -43 - (-38 + -7) - (0 - -1 - 1)?
2
What is the value of -14 + (17 - 0 - 12)?
-9
Calculate -5 + -5 + (5 - -3).
-2
Calculate 15 - (5 + 7 + -12) - -13.
28
-1 + 0 + (-5 - -10) + 4 + -12
-4
Evaluate (0 + -21 - -26) + 3 + 0.
8
What is the value of -57 + 12 + 28 - 8?
-25
-19 + 40 + (-9 - -8)
20
What is the value of -2 + 9 + -6 - 0 - (-1 + 2)?
0
What is 40 + (14 - 27) - 16?
11
(15 - 18 - -27) + -18 + -37
-31
What is 121 - 114 - (14 + -5)?
-2
Evaluate 9 - 0 - (423 - 435).
21
